g(h).
-1
Suppose 0 = -4*o + 3*m + 10 - 30, 5*o - 3*m = -28. Let u be (-2 + -1)*o/12. Suppose -2*l = 2*k - 2, 3*l + 2*k + 0 = -u. Let i(j) = -j + 4. What is i(l)?
8
Suppose -19 = 2*q - 5*z, 3*z = 9 + 6. Let h(p) be the first derivative of -p**4/4 + 2*p**3/3 + p**2 - 3*p - 1. Calculate h(q).
-6
Let r = -1 + -2. Let n = -7 - r. Let c(y) = -4 + 4*y**2 - 4*y + 0*y + 3*y + y**3. Calculate c(n).
0
Let f(w) be the third derivative of 0 - 1/4*w**4 + w**3 + 1/120*w**6 + 1/10*w**5 + w**2 + 0*w. Let z be f(-7). Let r(m) = -m - 2. What is r(z)?
-1
Let m(q) = -q - 1. Let o(n) = -8*n - 6. Let z(l) = -5*m(l) + o(l). Calculate z(-1).
2
Suppose 3*x - 10 = 8*x. Let t(h) = -2*h**2 - 6*h + 1. Let n(s) = 2*s**2 + 5*s. Let r(a) = -3*n(a) - 2*t(a). What is r(x)?
-4
Suppose 5*o = 4*v + 17, 10 = 4*o - 2*v - 0. Let u be (-14)/(o/(3 + -2)). Let z be (-4)/14 - u/49. Let g(n) = n + 6. Calculate g(z).
6
Let p(q) = -6 + 1 - 3*q - 3*q**2 + 0 + 3. Let l(i) = -i**3 - 6*i**2 - i - 4. Let z be l(-6). Suppose z*r - 1 + 5 = 0. Calculate p(r).
-8
Suppose 2*p + 12 = 4*r, -28 = r - 5*r - 2*p. Suppose 0 = -r*h + 19 + 16. Suppose 0 = h*f - 4*f. Let v(u) = u + 8. Determine v(f).
8
Suppose -2*g + h = -h, g - 5*h + 12 = 0. Let i(q) = -2*q - 4 + 4 - 2 - g*q. Let j be (2/3)/((-1)/3). Give i(j).
8
Let l(m) = m - 12. Let r be l(15). Let v(q) = -q + 2. Give v(r).
-1
Let l = -4 - -7. Let h(o) = -2 + 5 + 5*o - 4*o**3 - l*o**2 + 3*o**3 - 2. Determine h(-4).
-3
Let l = 95 - 94. Let b(y) = -5*y**2 - y. Determine b(l).
-6
Suppose -r = -x - 8, -21 = -4*r - 4*x - 5. Let q(c) = c**2 - 3*c - 6. Determine q(r).
12
Suppose -4*l + 4*g - 2 = 10, 5*l + 12 = 4*g. Let n(c) = c**3 + c**2 + c + 7. Calculate n(l).
7
Let o(v) be the third derivative of -1/120*v**6 - 1/8*v**4 - 1/12*v**5 + 0*v - 8*v**2 + 0 + 2/3*v**3. Calculate o(-4).
0
Let p(z) = -1. Let l(a) = 3*a**3 + a**2 + a + 5. Let r(x) = -l(x) - 6*p(x). Calculate r(1).
-4
Let i(r) = -5*r - 3. Let n(m) = 1. Let w(x) = i(x) + 2*n(x). Let p(u) = -u**3 - 2*u**2 - 2*u - 3. Let v be p(-2). Give w(v).
-6
Let c(b) be the first derivative of -b**5/60 - b**4/24 - b**2/2 + 2. Let v(w) be the second derivative of c(w). Suppose 0*l = 3*l + 6. Calculate v(l).
-2
Let l(y) = -4*y**3 + 3*y**2 + 6*y - 1. Let n(x) = -9*x**3 + 6*x**2 + 13*x - 2. Let u(f) = 7*l(f) - 3*n(f). What is u(4)?
-5
Let n(b) = -b**2 - 7*b - 6. Let s = -1 + 8. Let w = s - 12. Give n(w).
4
Let k(h) = -h - 7. Let o be k(-9). Suppose -6 = -2*l, o*l = 5*n + 8 - 2. Let s(f) = f. Give s(n).
0
Suppose 8*v + 13 + 35 = 0. Let m(n) = 2*n - 1. Give m(v).
-13
Let h(o) = -o**3 - 5*o**2 - o + 1. Let c be (20/6)/((-7)/21). Let s = 5 + c. Give h(s).
6
Let f(v) = -v**2 - v + 4. Let a be f(-3). Let i(p) be the third derivative of -p**4/12 - p**3/6 + 6*p**2. Determine i(a).
3
Let o(h) be the first derivative of h**4/4 + h**3 - 4*h**2 - 5*h + 21. Calculate o(-5).
-15
Let y(l) = l**2 + l. Let u = 116 + -113. Calculate y(u).
12
Let a(d) = -d + 1. Let j be a(0). Let y be 1 + -1 - (j - 1). Let o(b) = -b**3 + b + 7. Give o(y).
7
Let h(u) = 3*u - 7. Let s be h(5). Let g(t) = t - 10. Give g(s).
-2
Let b(m) = -m**2 + 5*m + 5. Let f be (6 - 14)/((-4)/(-6)). Let r = f - -18. What is b(r)?
-1
Let k(x) = x**2 - 7*x + 9. Let y be k(6). Let o(u) = -u**3 + 5*u**2 - 3*u + 1. Determine o(y).
10
Let i(d) = d**2 - 4*d - 3. Let m be 3*((-4)/(-6) + 2). Suppose 2*q = 4*q - m. Calculate i(q).
-3
Let s(t) = 3*t + 8. Let d(o) = 4*o + 8. Suppose 4*j + 3 = -4*h - 33, 0 = h + 4. Let q(m) = j*s(m) + 4*d(m). Determine q(4).
-4
Let o(r) = -r**2 - 5*r + 4. Let f = 49 - 13. Let q be ((-2)/4)/(3/f). Calculate o(q).
-2
Let m = 1 + 1. Let y(h) = 0*h**3 - h**m + h - h**2 + 0*h**3 - h**3. Let j = -7 - -4. Calculate y(j).
6
Let l = -3 - -3. Let y(i) = i**3 - i**2 + i + 6. Let n be y(l). Suppose -3*c - u + 8 = -n, -c + 4*u - 4 = 0. Let r(j) = -2*j + 6. Calculate r(c).
-2
Let q(c) = c**2 + 5*c + 2. Let n(v) = v - 7. Let j be n(7). Let m be 1*((j - 2) + 2). Suppose 0 = -m*a - 2*a - 8. What is q(a)?
-2
Let m = -12 - -18. Let t(z) = -m - 2*z + 7 + 0. What is t(-1)?
3
Suppose 0 = 3*y - 6, 5*y = -2*k + 2*y. Let r be 6*2*k/12. Let q(d) be the second derivative of d**5/20 + d**4/6 - d**3/3 - d**2 - d. Determine q(r).
-5
Let l be 64/36 - 4/(-18). Let z(b) = b**l + 3*b + 1 + 0*b**2 + 2*b**2 + 5*b**3 - 4*b**3. Calculate z(-2).
-1
Let b(z) be the third derivative of z**5/60 + 7*z**4/24 + z**3 + z**2. Let y(s) = 5*s**3 - s**2 + s + 1. Let t be y(-1). Give b(t).
0
Let j(c) = -2*c - 1. Let b(g) = -g - 1. Let y(o) = -7*b(o) + 5*j(o). What is y(2)?
-4
Suppose 15 = 5*x + a, 4*x - 4*a - 8 = 28. Let s(i) = -2 + 0 - 1 + 2*i. What is s(x)?
5
Let v(w) be the first derivative of w**2/2 + 6*w - 4. Give v(-4).
2
Suppose -3*f = 2*f. Let y(u) = 0 + 1 - u + 0 + f - 6*u**2. Give y(1).
-6
Let u = 4 - 2. Let d(w) = w**2 + 5*w - 1. Let a be d(-5). Let b be (a - (2 - u)) + -2. Let o(i) = 2*i**2 + 4*i - 1. Give o(b).
5
Suppose 5*q = 2*q + 4*u - 2, 3*q = u + 13. Let z be -3*(16/q - 2). Let o(y) = 2 - y + 8*y - y. Determine o(z).
-10
Let r be ((-88)/(-6))/2*3. Suppose -3*a - r = 8. Let u be (-24)/(-10) + 4/a. Let k(j) = -j**3 + 2*j - 2. Calculate k(u).
-6
Let v = 18 - 28. Let i = v + 5. Let m(k) = -7*k**2 + 2*k + 7. Let s(y) = -3*y**2 + y + 3. Let w(a) = i*s(a) + 2*m(a). Calculate w(2).
1
Suppose 3*d + 5 + 10 = 0. Let m(x) = x + 3. Calculate m(d).
-2
Let v(b) = 10 - 5*b**2 - 7*b**3 - 11 + 8*b**3 + b + 3*b. Give v(4).
-1
Let c(w) = w**3 - 4. Let q be c(0). Let m(f) = f + 5. Give m(q).
1
Let s(q) be the second derivative of -q**7/360 + q**6/720 + q**5/120 - q**4/2 - 3*q. Let p(j) be the third derivative of s(j). Calculate p(-1).
-7
Let o(i) be the third derivative of -1/12*i**4 + 0*i - 1/2*i**3 - 6*i**2 + 0. Determine o(-4).
5
Suppose -6*y = -2*y + 8. Let n(v) = 1 - 4*v**2 + 2*v**2 + v + v. What is n(y)?
-11
Let h(x) = -x**2 - 1. Let n(d) = 3*d**2 + 3*d + 1. Let r(u) = 4*h(u) + n(u). Calculate r(3).
-3
Let n(c) = -c**2 + 7*c - 5. Suppose 5*z - 60 = -5. Let p be 2/(2/3) - z. Let t be 4/p + (-11)/(-2). Give n(t).
5
Let d(f) = -7*f**3 - 7*f**2 - 10*f - 7. Let a(z) = -6*z**3 - 7*z**2 - 9*z - 6. Let w(j) = -6*a(j) + 5*d(j). Calculate w(-6).
13
Let y(v) = 3158 + v**2 - v - 2*v**3 - 3158. Let j(c) = -c**2 + c + 2. Let t be j(0). Let a = -1 + t. Calculate y(a).
-2
Let p(a) be the third derivative of a**5/60 + a**4/4 + 2*a**3/3 + 2*a**2. Determine p(-4).
-4
Let g(m) = -2*m - 1. Let q(y) be the third derivative of -y**4/12 - y**3/6 - 2*y**2. Let t(r) = -4*g(r) + 3*q(r). Determine t(-5).
-9
Let f(w) be the first derivative of -w**4/4 - 5*w**3/3 + 5*w**2/2 - 4*w - 11. What is f(-6)?
2
Suppose 10*l - 7*l + 15 = 0. Let q(w) = -w**3 - 5*w**2 + w - 1. Calculate q(l).
-6
Let b(i) = i + 1. Let h be (-10)/(-5)*6/4. Let y(l) = -4 + 3*l - h*l + 3*l. Let m(a) = -b(a) + y(a). Determine m(5).
5
Suppose 5*a + n = -20, 10*a - 5*a + 3*n + 20 = 0. Let p(o) = -3*o**2 + 43 + 4*o - 84 - o**3 + 43. What is p(a)?
2
Let j(v) = -v. Let d(f) = f**2 - f. Let u(w) = 3*w + 3. Let r(q) = d(q) + u(q). Let p be r(-2). Let n = p + -5. Determine j(n).
2
Let f(k) = k**2 - k - 3. Let w = -10 + 3. Let m be w/14*0/(-1). Determine f(m).
-3
Suppose -1 - 1 = -2*w. Let z(y) be the third derivative of -y**6/20 - y**5/60 + y**4/24 - y**3/6 + y**2. Calculate z(w).
-7
Let p(u) = 1. Suppose -4*w - 32 = 5*d, -4*w = -8*w - 12. Let v(x) = x**2 + 5*x - 7. Let j(i) = d*p(i) - v(i). Give j(-5).
3
Suppose 4*w + 10 = 2*w. Let f(x) = -x - 1. Let o(h) = -h - 2. Let r(t) = w*f(t) + 2*o(t). Determine r(1).
4
Let j(n) be the third derivative of -n**9/60480 - n**5/15 + 2*n**2. Let a(h) be the third derivative of j(h). Let w(u) = u. Let z be w(-1). Give a(z).
1
Let c = 13 + -17. Let r(l) = 4*l - 2. Calculate r(c).
-18
Let i(d) = 7*d + 1. Let s(l) = -l + 7. Let h = -1 + 7. Let g be s(h). What is i(g)?
8
Let b(a) = -a. Let r(c) = 11*c - 7. Let g(i) = 5*b(i) + r(i). Determine g(5).
23
Let x(i) = -3*i**3 + 2*i**2 - 3*i + 3. Let m(o) = 2*o + 16. Let g be m(-7). Give x(g).
-19
Suppose -r + 4*r - 4*g = 20, 0 = -5*r - 4*g - 20. Let d(c) be the second derivative of c**5/20 - c**4/12 - c**3/6 + 5*c**2 + 4*c. Give d(r).
10
Suppose r - 1 = -3. Let x(d) be the first derivative of -d**2/2 - 3*d + 25. Determine x(r).
-1
Suppose 10*z - 17 = 3. Let v(n) = n**3 - 2*n**2 + n + 1. What i